{"id":370,"date":"2025-10-29T11:04:11","date_gmt":"2025-10-29T11:04:11","guid":{"rendered":"https:\/\/afomoa.greenshelf.net\/?page_id=370"},"modified":"2025-10-30T20:23:21","modified_gmt":"2025-10-30T20:23:21","slug":"telecharger-greenshelf","status":"publish","type":"page","link":"https:\/\/afomoa.greenshelf.net\/index.php\/telecharger-greenshelf\/","title":{"rendered":"T\u00e9l\u00e9charger Greenshelf sur Android &amp; iOS"},"content":{"rendered":"\n<h2 class=\"wp-block-heading has-text-align-center has-primary-color has-text-color has-link-color wp-elements-8e9b064b55ea789ae9fed8d10d6e9d47\"><strong>Ce que je gagne \u00e0 t\u00e9l\u00e9charger Greenshelf<\/strong><\/h2>\n\n\n\n<p class=\"has-text-align-center\">T\u00e9l\u00e9charger l&rsquo;application Greenshelf et transformez chaque repas en geste \u00e9co-responsable pour la plan\u00e8te.<\/p>\n\n\n\n<div class=\"wp-block-columns is-layout-flex wp-container-core-columns-is-layout-28f84493 wp-block-columns-is-layout-flex\">\n<div class=\"wp-block-column is-layout-flow wp-block-column-is-layout-flow\">\n<div class=\"wp-block-buttons has-custom-font-size has-medium-font-size is-content-justification-right is-nowrap is-layout-flex wp-container-core-buttons-is-layout-702cc8e0 wp-block-buttons-is-layout-flex\" style=\"margin-top:0;margin-bottom:0;padding-top:0;padding-bottom:0\">\n<div class=\"wp-block-button\"><a class=\"wp-block-button__link wp-element-button\" href=\"https:\/\/www.apple.com\/fr\/app-store\/\">T\u00e9l\u00e9charger pour iOS<\/a><\/div>\n<\/div>\n<\/div>\n\n\n\n<div class=\"wp-block-column is-layout-flow wp-block-column-is-layout-flow\">\n<div class=\"wp-block-buttons is-layout-flex wp-block-buttons-is-layout-flex\">\n<div class=\"wp-block-button\"><a class=\"wp-block-button__link wp-element-button\" href=\"https:\/\/play.google.com\/store\/apps?hl=fr\">T\u00e9l\u00e9charger pour Android<\/a><\/div>\n<\/div>\n<\/div>\n<\/div>\n\n\n\n<div style=\"height:40px\" aria-hidden=\"true\" class=\"wp-block-spacer\"><\/div>\n\n\n\n<div class=\"wp-block-columns is-layout-flex wp-container-core-columns-is-layout-28f84493 wp-block-columns-is-layout-flex\">\n<div class=\"wp-block-column is-vertically-aligned-center is-layout-flow wp-block-column-is-layout-flow\" style=\"flex-basis:33.33%\">\n<h2 class=\"wp-block-heading has-primary-color has-text-color has-link-color wp-elements-0b2c8ac97b4e353cb46fe1dde7d4e20b\" style=\"font-size:34px\"><strong>Profitez de conseils<\/strong> <strong>sur-mesure de Greenshelf<\/strong><\/h2>\n\n\n\n<p style=\"font-size:22px\">Recevez r\u00e9guli\u00e8rement des recettes personnalis\u00e9s, des astuces pour vous aidez \u00e0 r\u00e9duire votre empreinte carbone et agir au quotidien positivement sur l&rsquo;environnement.<\/p>\n<\/div>\n\n\n\n<div class=\"wp-block-column is-layout-flow wp-block-column-is-layout-flow\" style=\"flex-basis:66.66%\">\n<figure class=\"wp-block-image size-large\"><a href=\"https:\/\/afomoa.greenshelf.net\/index.php\/category\/tous-nos-articles\/\"><img loading=\"lazy\" decoding=\"async\" width=\"1024\" height=\"750\" src=\"https:\/\/afomoa.greenshelf.net\/wp-content\/uploads\/2025\/10\/interface-blog_Greenshelf-1024x750.png\" alt=\"ceci montre l'interface de la section blog avec les derniers articles paru.\" class=\"wp-image-373\" srcset=\"https:\/\/afomoa.greenshelf.net\/wp-content\/uploads\/2025\/10\/interface-blog_Greenshelf-1024x750.png 1024w, https:\/\/afomoa.greenshelf.net\/wp-content\/uploads\/2025\/10\/interface-blog_Greenshelf-300x220.png 300w, https:\/\/afomoa.greenshelf.net\/wp-content\/uploads\/2025\/10\/interface-blog_Greenshelf-768x563.png 768w, https:\/\/afomoa.greenshelf.net\/wp-content\/uploads\/2025\/10\/interface-blog_Greenshelf-1536x1125.png 1536w, https:\/\/afomoa.greenshelf.net\/wp-content\/uploads\/2025\/10\/interface-blog_Greenshelf-2048x1500.png 2048w\" sizes=\"auto, (max-width: 1024px) 100vw, 1024px\" \/><\/a><\/figure>\n<\/div>\n<\/div>\n\n\n\n<div style=\"height:40px\" aria-hidden=\"true\" class=\"wp-block-spacer\"><\/div>\n\n\n\n<div class=\"wp-block-columns is-layout-flex wp-container-core-columns-is-layout-28f84493 wp-block-columns-is-layout-flex\">\n<div class=\"wp-block-column is-vertically-aligned-center is-layout-flow wp-block-column-is-layout-flow\">\n<h2 class=\"wp-block-heading has-primary-color has-text-color has-link-color wp-elements-03f9fd95c10e16f086b222bc2b2a8c93\" style=\"font-size:32px\"><strong>Si vous t\u00e9l\u00e9chargez l&rsquo;application<\/strong><\/h2>\n\n\n\n<p style=\"font-size:22px\">Vous retrouvez des fonctionnalit\u00e9s simples et malignes pour en finir avec le gaspillage alimentaire.<\/p>\n<\/div>\n\n\n\n<div class=\"wp-block-column is-vertically-aligned-center is-layout-flow wp-block-column-is-layout-flow\">\n<figure class=\"wp-block-image alignright size-full is-resized\"><img decoding=\"async\" src=\"https:\/\/afomoa.greenshelf.net\/wp-content\/uploads\/2025\/10\/interface-Greenshelf_garde-manger.png\" alt=\"On y voit l'interface de l'application Greenshelf dans l'espace garde-manger\" class=\"wp-image-374\" style=\"width:auto;height:475px\"\/><\/figure>\n<\/div>\n\n\n\n<div class=\"wp-block-column is-vertically-aligned-bottom is-layout-flow wp-block-column-is-layout-flow\">\n<figure class=\"wp-block-image alignleft size-full\"><img loading=\"lazy\" decoding=\"async\" width=\"982\" height=\"1764\" src=\"https:\/\/afomoa.greenshelf.net\/wp-content\/uploads\/2025\/10\/apercu-interface_recettes-personnalisees.png\" alt=\"\" class=\"wp-image-381\" srcset=\"https:\/\/afomoa.greenshelf.net\/wp-content\/uploads\/2025\/10\/apercu-interface_recettes-personnalisees.png 982w, https:\/\/afomoa.greenshelf.net\/wp-content\/uploads\/2025\/10\/apercu-interface_recettes-personnalisees-167x300.png 167w, https:\/\/afomoa.greenshelf.net\/wp-content\/uploads\/2025\/10\/apercu-interface_recettes-personnalisees-570x1024.png 570w, https:\/\/afomoa.greenshelf.net\/wp-content\/uploads\/2025\/10\/apercu-interface_recettes-personnalisees-768x1380.png 768w, https:\/\/afomoa.greenshelf.net\/wp-content\/uploads\/2025\/10\/apercu-interface_recettes-personnalisees-855x1536.png 855w\" sizes=\"auto, (max-width: 982px) 100vw, 982px\" \/><\/figure>\n<\/div>\n<\/div>\n\n\n\n<p><\/p>\n","protected":false},"excerpt":{"rendered":"<p>Ce que je gagne \u00e0 t\u00e9l\u00e9charger Greenshelf T\u00e9l\u00e9charger l&rsquo;application Greenshelf et transformez chaque repas en geste \u00e9co-responsable pour la plan\u00e8te. Profitez de conseils sur-mesure de Greenshelf Recevez r\u00e9guli\u00e8rement des recettes personnalis\u00e9s, des astuces pour vous aidez \u00e0 r\u00e9duire votre empreinte carbone et agir au quotidien positivement sur l&rsquo;environnement. Si vous t\u00e9l\u00e9chargez l&rsquo;application Vous retrouvez des [&hellip;]<\/p>\n","protected":false},"author":1,"featured_media":0,"parent":0,"menu_order":0,"comment_status":"closed","ping_status":"closed","template":"","meta":{"footnotes":""},"class_list":["post-370","page","type-page","status-publish","hentry"],"yoast_head":"<!-- This site is optimized with the Yoast SEO plugin v26.6 - https:\/\/yoast.com\/wordpress\/plugins\/seo\/ -->\n<title>T\u00e9l\u00e9charger Greenshelf sur Android &amp; iOS - Greenshelf<\/title>\n<meta name=\"description\" content=\"T\u00e9l\u00e9charger l\u2019application Greenshelf et adoptez des gestes \u00e9co-responsable. G\u00e9rez vos courses et r\u00e9duisez votre gaspillage. Android et iOS\" \/>\n<meta name=\"robots\" content=\"index, follow, max-snippet:-1, max-image-preview:large, max-video-preview:-1\" \/>\n<link rel=\"canonical\" href=\"https:\/\/afomoa.greenshelf.net\/index.php\/telecharger-greenshelf\/\" \/>\n<meta property=\"og:locale\" content=\"fr_FR\" \/>\n<meta property=\"og:type\" content=\"article\" \/>\n<meta property=\"og:title\" content=\"T\u00e9l\u00e9charger Greenshelf sur Android &amp; iOS - Greenshelf\" \/>\n<meta property=\"og:description\" content=\"T\u00e9l\u00e9charger l\u2019application Greenshelf et adoptez des gestes \u00e9co-responsable. G\u00e9rez vos courses et r\u00e9duisez votre gaspillage. Android et iOS\" \/>\n<meta property=\"og:url\" content=\"https:\/\/afomoa.greenshelf.net\/index.php\/telecharger-greenshelf\/\" \/>\n<meta property=\"og:site_name\" content=\"Greenshelf\" \/>\n<meta property=\"article:modified_time\" content=\"2025-10-30T20:23:21+00:00\" \/>\n<meta property=\"og:image\" content=\"https:\/\/afomoa.greenshelf.net\/wp-content\/uploads\/2025\/10\/interface-blog_Greenshelf-1024x750.png\" \/>\n<meta name=\"twitter:card\" content=\"summary_large_image\" \/>\n<meta name=\"twitter:label1\" content=\"Dur\u00e9e de lecture estim\u00e9e\" \/>\n\t<meta name=\"twitter:data1\" content=\"1 minute\" \/>\n<script type=\"application\/ld+json\" class=\"yoast-schema-graph\">{\"@context\":\"https:\/\/schema.org\",\"@graph\":[{\"@type\":\"WebPage\",\"@id\":\"https:\/\/afomoa.greenshelf.net\/index.php\/telecharger-greenshelf\/\",\"url\":\"https:\/\/afomoa.greenshelf.net\/index.php\/telecharger-greenshelf\/\",\"name\":\"T\u00e9l\u00e9charger Greenshelf sur Android &amp; iOS - Greenshelf\",\"isPartOf\":{\"@id\":\"https:\/\/afomoa.greenshelf.net\/#website\"},\"primaryImageOfPage\":{\"@id\":\"https:\/\/afomoa.greenshelf.net\/index.php\/telecharger-greenshelf\/#primaryimage\"},\"image\":{\"@id\":\"https:\/\/afomoa.greenshelf.net\/index.php\/telecharger-greenshelf\/#primaryimage\"},\"thumbnailUrl\":\"https:\/\/afomoa.greenshelf.net\/wp-content\/uploads\/2025\/10\/interface-blog_Greenshelf-1024x750.png\",\"datePublished\":\"2025-10-29T11:04:11+00:00\",\"dateModified\":\"2025-10-30T20:23:21+00:00\",\"description\":\"T\u00e9l\u00e9charger l\u2019application Greenshelf et adoptez des gestes \u00e9co-responsable. G\u00e9rez vos courses et r\u00e9duisez votre gaspillage. Android et iOS\",\"breadcrumb\":{\"@id\":\"https:\/\/afomoa.greenshelf.net\/index.php\/telecharger-greenshelf\/#breadcrumb\"},\"inLanguage\":\"fr-FR\",\"potentialAction\":[{\"@type\":\"ReadAction\",\"target\":[\"https:\/\/afomoa.greenshelf.net\/index.php\/telecharger-greenshelf\/\"]}]},{\"@type\":\"ImageObject\",\"inLanguage\":\"fr-FR\",\"@id\":\"https:\/\/afomoa.greenshelf.net\/index.php\/telecharger-greenshelf\/#primaryimage\",\"url\":\"https:\/\/afomoa.greenshelf.net\/wp-content\/uploads\/2025\/10\/interface-blog_Greenshelf-scaled.png\",\"contentUrl\":\"https:\/\/afomoa.greenshelf.net\/wp-content\/uploads\/2025\/10\/interface-blog_Greenshelf-scaled.png\",\"width\":2560,\"height\":1875,\"caption\":\"Aper\u00e7u de l'interface Greenshelf, version ordinateur, de l'espace blog\"},{\"@type\":\"BreadcrumbList\",\"@id\":\"https:\/\/afomoa.greenshelf.net\/index.php\/telecharger-greenshelf\/#breadcrumb\",\"itemListElement\":[{\"@type\":\"ListItem\",\"position\":1,\"name\":\"Accueil\",\"item\":\"https:\/\/afomoa.greenshelf.net\/\"},{\"@type\":\"ListItem\",\"position\":2,\"name\":\"T\u00e9l\u00e9charger Greenshelf sur Android &amp; iOS\"}]},{\"@type\":\"WebSite\",\"@id\":\"https:\/\/afomoa.greenshelf.net\/#website\",\"url\":\"https:\/\/afomoa.greenshelf.net\/\",\"name\":\"Greenshelf\",\"description\":\"Greenshelf est une application anti-gaspillage pens\u00e9e pour vous aider \u00e0 mieux g\u00e9rer vos courses et vos stocks alimentaires.\",\"potentialAction\":[{\"@type\":\"SearchAction\",\"target\":{\"@type\":\"EntryPoint\",\"urlTemplate\":\"https:\/\/afomoa.greenshelf.net\/?s={search_term_string}\"},\"query-input\":{\"@type\":\"PropertyValueSpecification\",\"valueRequired\":true,\"valueName\":\"search_term_string\"}}],\"inLanguage\":\"fr-FR\"}]}<\/script>\n<!-- \/ Yoast SEO plugin. -->","yoast_head_json":{"title":"T\u00e9l\u00e9charger Greenshelf sur Android &amp; iOS - Greenshelf","description":"T\u00e9l\u00e9charger l\u2019application Greenshelf et adoptez des gestes \u00e9co-responsable. G\u00e9rez vos courses et r\u00e9duisez votre gaspillage. Android et iOS","robots":{"index":"index","follow":"follow","max-snippet":"max-snippet:-1","max-image-preview":"max-image-preview:large","max-video-preview":"max-video-preview:-1"},"canonical":"https:\/\/afomoa.greenshelf.net\/index.php\/telecharger-greenshelf\/","og_locale":"fr_FR","og_type":"article","og_title":"T\u00e9l\u00e9charger Greenshelf sur Android &amp; iOS - Greenshelf","og_description":"T\u00e9l\u00e9charger l\u2019application Greenshelf et adoptez des gestes \u00e9co-responsable. G\u00e9rez vos courses et r\u00e9duisez votre gaspillage. Android et iOS","og_url":"https:\/\/afomoa.greenshelf.net\/index.php\/telecharger-greenshelf\/","og_site_name":"Greenshelf","article_modified_time":"2025-10-30T20:23:21+00:00","og_image":[{"url":"https:\/\/afomoa.greenshelf.net\/wp-content\/uploads\/2025\/10\/interface-blog_Greenshelf-1024x750.png","type":"","width":"","height":""}],"twitter_card":"summary_large_image","twitter_misc":{"Dur\u00e9e de lecture estim\u00e9e":"1 minute"},"schema":{"@context":"https:\/\/schema.org","@graph":[{"@type":"WebPage","@id":"https:\/\/afomoa.greenshelf.net\/index.php\/telecharger-greenshelf\/","url":"https:\/\/afomoa.greenshelf.net\/index.php\/telecharger-greenshelf\/","name":"T\u00e9l\u00e9charger Greenshelf sur Android &amp; iOS - Greenshelf","isPartOf":{"@id":"https:\/\/afomoa.greenshelf.net\/#website"},"primaryImageOfPage":{"@id":"https:\/\/afomoa.greenshelf.net\/index.php\/telecharger-greenshelf\/#primaryimage"},"image":{"@id":"https:\/\/afomoa.greenshelf.net\/index.php\/telecharger-greenshelf\/#primaryimage"},"thumbnailUrl":"https:\/\/afomoa.greenshelf.net\/wp-content\/uploads\/2025\/10\/interface-blog_Greenshelf-1024x750.png","datePublished":"2025-10-29T11:04:11+00:00","dateModified":"2025-10-30T20:23:21+00:00","description":"T\u00e9l\u00e9charger l\u2019application Greenshelf et adoptez des gestes \u00e9co-responsable. G\u00e9rez vos courses et r\u00e9duisez votre gaspillage. Android et iOS","breadcrumb":{"@id":"https:\/\/afomoa.greenshelf.net\/index.php\/telecharger-greenshelf\/#breadcrumb"},"inLanguage":"fr-FR","potentialAction":[{"@type":"ReadAction","target":["https:\/\/afomoa.greenshelf.net\/index.php\/telecharger-greenshelf\/"]}]},{"@type":"ImageObject","inLanguage":"fr-FR","@id":"https:\/\/afomoa.greenshelf.net\/index.php\/telecharger-greenshelf\/#primaryimage","url":"https:\/\/afomoa.greenshelf.net\/wp-content\/uploads\/2025\/10\/interface-blog_Greenshelf-scaled.png","contentUrl":"https:\/\/afomoa.greenshelf.net\/wp-content\/uploads\/2025\/10\/interface-blog_Greenshelf-scaled.png","width":2560,"height":1875,"caption":"Aper\u00e7u de l'interface Greenshelf, version ordinateur, de l'espace blog"},{"@type":"BreadcrumbList","@id":"https:\/\/afomoa.greenshelf.net\/index.php\/telecharger-greenshelf\/#breadcrumb","itemListElement":[{"@type":"ListItem","position":1,"name":"Accueil","item":"https:\/\/afomoa.greenshelf.net\/"},{"@type":"ListItem","position":2,"name":"T\u00e9l\u00e9charger Greenshelf sur Android &amp; iOS"}]},{"@type":"WebSite","@id":"https:\/\/afomoa.greenshelf.net\/#website","url":"https:\/\/afomoa.greenshelf.net\/","name":"Greenshelf","description":"Greenshelf est une application anti-gaspillage pens\u00e9e pour vous aider \u00e0 mieux g\u00e9rer vos courses et vos stocks alimentaires.","potentialAction":[{"@type":"SearchAction","target":{"@type":"EntryPoint","urlTemplate":"https:\/\/afomoa.greenshelf.net\/?s={search_term_string}"},"query-input":{"@type":"PropertyValueSpecification","valueRequired":true,"valueName":"search_term_string"}}],"inLanguage":"fr-FR"}]}},"_links":{"self":[{"href":"https:\/\/afomoa.greenshelf.net\/index.php\/wp-json\/wp\/v2\/pages\/370","targetHints":{"allow":["GET"]}}],"collection":[{"href":"https:\/\/afomoa.greenshelf.net\/index.php\/wp-json\/wp\/v2\/pages"}],"about":[{"href":"https:\/\/afomoa.greenshelf.net\/index.php\/wp-json\/wp\/v2\/types\/page"}],"author":[{"embeddable":true,"href":"https:\/\/afomoa.greenshelf.net\/index.php\/wp-json\/wp\/v2\/users\/1"}],"replies":[{"embeddable":true,"href":"https:\/\/afomoa.greenshelf.net\/index.php\/wp-json\/wp\/v2\/comments?post=370"}],"version-history":[{"count":28,"href":"https:\/\/afomoa.greenshelf.net\/index.php\/wp-json\/wp\/v2\/pages\/370\/revisions"}],"predecessor-version":[{"id":582,"href":"https:\/\/afomoa.greenshelf.net\/index.php\/wp-json\/wp\/v2\/pages\/370\/revisions\/582"}],"wp:attachment":[{"href":"https:\/\/afomoa.greenshelf.net\/index.php\/wp-json\/wp\/v2\/media?parent=370"}],"curies":[{"name":"wp","href":"https:\/\/api.w.org\/{rel}","templated":true}]}}